19 = 2*r. Calculate the greatest common factor of r and 26.
13
Let p = 7 - 2. Calculate the greatest common divisor of p and 15.
5
Let v = -32 + 23. Let p be 6/2 + (-3 - v). Calculate the highest common factor of 63 and p.
9
Suppose x + 2*x - 5*w - 7 = 0, -5*x + 4*w + 16 = 0. Suppose 0 = -z - x + 8. What is the greatest common divisor of 2 and z?
2
Let j = -7 + 5. Suppose -14 + 4 = -k + 5*c, 4*k - 3*c = 23. Let r = j + k. Calculate the greatest common factor of 24 and r.
3
Suppose -9 = 2*o + 53. Let s(p) = -4*p**2 - 3*p + 1. Let k be s(3). Let x = o - k. What is the greatest common factor of 13 and x?
13
Let g be (-24)/12 - (-114)/3. What is the greatest common divisor of g and 8?
4
Let a be 8/(-6)*(-6)/4. Suppose -5*p + a = -3. Let u be (4/(-6))/(2/(-12)). What is the greatest common divisor of p and u?
1
Let q = 34 + 94. Calculate the highest common divisor of q and 16.
16
Let x = 10 + -5. Suppose 0 = 2*z - 3*z - x*m + 6, 4*z = -2*m + 24. Suppose -2*w - 38 = -l + 2*w, -5*w - 10 = 0. What is the highest common factor of l and z?
6
Suppose 2*t - 5*h - 3 = -0*t, 0 = h - 1. Suppose t*r + 4 + 2 = d, 4*d = 2*r + 80. Suppose 4*q - d = 3*q. Calculate the greatest common divisor of 55 and q.
11
Let v = 20 + -18. Let m be (25/v)/(2/4). Calculate the greatest common divisor of 250 and m.
25
Let h = 12 - 8. Let j be (-2 - 132)/2*-1. Suppose -4*a + 35 = -s, 12 = -3*a - 5*s + j. What is the greatest common divisor of a and h?
2
Suppose -4*k + 52 = 2*s - 0*k, s - k = 17. What is the greatest common divisor of 5 and s?
5
Let t(u) = -u**3 + 2*u**2 - 3*u + 2. Let y be t(4). Let c = -2 + 1. Let z be c - (y - (-3 + 2)). What is the greatest common factor of 5 and z?
5
Let g be 27/(-2)*(14/(-3) + 4). What is the highest common divisor of g and 63?
9
Let q be 2/(-5) - 212/(-5). Suppose -2*b = 0, -2*c - 8 = -2*b - q. Let y = c + 8. Calculate the highest common factor of y and 10.
5
Let q be ((-24)/16)/((-3)/40). Suppose 3*x - 64 = -4*l, -28 = -3*l - 4*x + q. Calculate the greatest common divisor of 8 and l.
8
Let c = 26 - 19. Calculate the highest common divisor of c and 49.
7
Suppose -11*r + 6 = -8*r. What is the greatest common factor of r and 16?
2
Let r = -87 - -151. Suppose 15 = 5*a - 10. Suppose m = 3*b + 9 + a, -10 = -m + b. What is the highest common divisor of r and m?
8
Let p(g) = -3*g - 2. Let f be p(-3). Let m be -1*(-8 + 6 + -2). Suppose -2*b + 64 = m*v, -18 = -2*b - 2*v + 42. Calculate the highest common factor of f and b.
7
Let j = -2 - -6. Let b be ((-36)/8)/((-2)/j). Calculate the highest common divisor of b and 81.
9
Suppose 0 = 2*r - 4*r + 32. Let u be 39/(-4) - (-3)/(-12). Let o be ((-4)/u)/((-7)/(-1120)). What is the greatest common factor of o and r?
16
Let x(a) = -a**2 - 9*a - 10. Suppose 0 = 2*f - 5*f - 21. Let n be x(f). What is the highest common factor of 10 and n?
2
Let u(d) = -d**3 + 7*d**2 - 4*d + 18. Let j be u(5). What is the highest common divisor of 72 and j?
24
Let r = 2 + 0. Suppose m = -4 + 2. Let v be ((-9)/(-6) + -2)*m. What is the greatest common factor of r and v?
1
Suppose -p = 2*p - 27. What is the greatest common divisor of p and 63?
9
Suppose -2*d - 4*d = -168. What is the highest common factor of d and 4?
4
Let f be (2 - -3) + (-2 - -4). Suppose -v - 3*u + 17 = -f*u, u = -2. Let o = 20 + -11. Calculate the highest common factor of v and o.
9
Let b = -8 + 11. Suppose b*d + 4*l - 18 = d, 15 = 5*d + 4*l. Let o be d*4/(12/(-21)). What is the highest common factor of 35 and o?
7
Suppose b + 53 = n, 2*b - b + 221 = 4*n. Calculate the highest common factor of 7 and n.
7
Let m = -5 + 8. Suppose -2*j + m*q = j - 15, -4*q = 3*j + 6. Suppose 4*t - j*t - 56 = 0. What is the greatest common factor of t and 7?
7
Let x = -16 - -10. Let p = 22 + x. What is the highest common divisor of 24 and p?
8
Let z(j) = j**2 - 7*j + 13. Let u be z(6). Calculate the greatest common factor of 42 and u.
7
Suppose -4*y + 14 + 2 = 3*n, 4*n - 14 = 2*y. Let d = n - -7. Calculate the highest common divisor of 1 and d.
1
Let v(u) = -7*u. Let d(l) = 8*l. Let a(k) = -6*d(k) - 7*v(k). Let i be a(5). What is the greatest common divisor of i and 35?
5
Let v be (-4 - -2) + 17 + 0. Let z be v/2*(-288)/(-45). What is the greatest common factor of z and 32?
16
Let a = 0 + 16. Suppose 0 = -4*z + 11 + 1. Suppose 0 = -z*w - 5*m + 124, -m = -4*m - 12. What is the greatest common factor of w and a?
16
Let a be ((-10)/35)/(3/(-147)). What is the greatest common divisor of a and 154?
14
Let j = -10 + 13. Suppose 3*u = -3*i + 33 - j, -4 = -u - 4*i. Calculate the greatest common factor of 108 and u.
12
Let k = -17 + 31. Let l(s) = s**2 + 4*s - 11. Suppose g - 1 = -2*n, 0*g + 3*g - 3*n = 48. Let o be l(g). What is the highest common divisor of o and k?
14
Let z = -2 - 5. Let x = 5 + z. Let k be 1/x*2*-7. Calculate the highest common divisor of k and 14.
7
Let i be 22/(1/(-18)*-2). Suppose j - 2 = -j. Let t be j + -1 - 3*-6. What is the highest common factor of t and i?
18
Let x = -2 - -24. Let k = 78 - x. Calculate the highest common factor of 14 and k.
14
Let x(k) be the second derivative of -k**4/12 - 5*k**3/3 - 3*k. Let w be x(-10). Let t be w/1 + 5 + -3. What is the highest common divisor of 10 and t?
2
Let a = -73 + 136. Calculate the highest common factor of a and 9.
9
Let f = 47 - 14. Suppose c = 3*c - 10. Suppose c*v - 31 = 5*o + 39, 2*o = -5*v + 49. What is the highest common divisor of v and f?
11
Let w be (17 - 1) + (-13 - -13). What is the highest common divisor of 16 and w?
16
Let z(a) = 2*a - 6. Let m be z(5). Let h be (24/(-21))/m*-7. What is the highest common divisor of 22 and h?
2
Let k be 11/(-4) - (-12)/16. Let g = -1 - k. Let w = 4 - -1. Calculate the greatest common divisor of w and g.
1
Suppose -26 = -2*g - 2*w, 0 = 2*g + w - 14 - 14. What is the highest common divisor of g and 105?
15
Let k(m) = 18*m + 3. Let z(u) = 37*u + 5. Let h(f) = -11*k(f) + 6*z(f). Let n be h(5). Let q = -17 - -30. What is the greatest common factor of q and n?
13
Let t be 10*-1*(-8)/20. Let p(k) = k**2 - 2*k - 5. Let x be p(t). Suppose 4*a = x*a + 7. What is the greatest common factor of a and 49?
7
Suppose -3*d - 63 = -5*s, -2*d = -3*s - 0*s + 37. What is the greatest common divisor of s and 12?
3
Let r = -15 - -29. What is the greatest common divisor of 2 and r?
2
Suppose -a + 74 = 14. Let r(s) = 6*s**2 + s + 2. Let c be r(-2). What is the greatest common divisor of c and a?
12
Suppose -5*x + 11 - 1 = 0. Let o(w) = -x*w**2 + 1 - 7*w + 9*w - 2*w**3 - 1. Let s be o(-2). Calculate the highest common factor of s and 12.
4
Let s(n) = -n**2 - 13*n - 20. Let f be s(-6). Let q(m) = m**3 - 3*m**2 + 3*m + 2. Let h be q(3). Calculate the greatest common divisor of h and f.
11
Suppose -r + 2 + 5 = 0. Suppose 4*z - 4 - 12 = 0. Suppose f = -2*c + 23, z*c - 45 = -r*f + 4*f. Calculate the highest common divisor of c and 8.
4
Suppose 2*q + 23 = 3*n, 5*q + 3 = -17. Let f = 43 - 38. What is the greatest common factor of n and f?
5
Suppose 2*r + 2 = 0, -3*j + r + 4 = -3. Suppose -a = -j*a + 40. Calculate the greatest common divisor of 8 and a.
8
Let r = -40 - -103. Suppose 4 = -4*g, 0 = 5*m - 2*g - g - 288. Let u = 99 - m. What is the highest common factor of u and r?
21
Suppose 5 = a, -5*x + 351 = 4*a - 884. Calculate the greatest common factor of x and 27.
27
Suppose 2*d + 18 = -4*w + 136, -3*w + 96 = 3*d. Let c = w + -39. Let i be (c/(-16))/(1/4). Calculate the highest common factor of 3 and i.
3
Let g(j) = -8*j + 47. Let p be g(5). Suppose c = 4*c - 21. What is the greatest common factor of c and p?
7
Let u = -4 + 7. Let q(a) = 4*a - u - 1 + 3 - 6*a. Let w be q(-5). What is the highest common factor of w and 36?
9
Suppose 4*r = -4 + 148. Suppose -4*y = 5*y - 216. What is the highest common divisor of y and r?
12
Let g(l) = -9*l + 1. Let j be g(-3). Let h be ((-30)/3)/((-174)/42 + 4). What is the greatest common divisor of h and j?
14
Let h(j) be the third derivative of -j**4/24 + 10*j**3/3 + 3*j**2. Let b be h(0). What is the greatest common factor of b and 8?
4
Let u(d) = 2*d**2 + d - 2. Let z be u(-2). Suppose -z*a = -1 - 139. Let h be (a/3)/((-2)/(-6)). What is the highest common factor of h and 14?
7
Suppose -5*s - 88 = -628. Let b be ((-16)/(-6) + -2)*18. Calculate the greatest c